te 14 + (-25 - -12) + -7 - 46.
-52
(-1 - 18 - (38 - (129 + -85))) + -31
-44
What is the value of 40 + -243 - -207 - (-2 + 122)?
-116
What is the value of -15 + (6 + -12 + -4 - (15 - 13 - 9))?
-18
-279 - -150 - -67 - -84
22
-24 + 28 - -43 - (2 - 2)
47
Calculate 2 + 5 - (-46 + 23 - -36 - -3).
-9
What is the value of 20 + (61 - (32 - (43 + -25)))?
67
Evaluate -11 + -26 + 77 - -47.
87
Calculate 16 + (-1114 - -1094 - (-1 + -15 + 0)).
12
Calculate -1 + 19 + -370 + 339.
-13
What is the value of 0 + 0 + -7 + (-33 - -12) + 408 + -321?
59
Evaluate 3 + 8 - 8 - -99 - (-19 + -7).
128
Calculate -57 + (1 + -3 + 1 - (1 + -5)) + -2.
-56
What is the value of -10 + (-17 - (51 + 21 + -3 + -15))?
-81
(3 + -6 - (-8 - -12)) + (-64 + 13 - -16)
-42
135 + (-1 - 1) + (-20 - (40 - 43))
116
What is -43 + (94 - 97) + 12 + 2 + -27?
-59
Evaluate (29 - 54) + -126 - -32.
-119
Calculate -108 + 78 - -74 - 79.
-35
114 - (-13 + (25 - 40)) - 44
98
-3 + -19 + 13 + 17 + (3 - (-1 + 45))
-33
What is the value of (-66 - -1) + (-109 - -64) + 53?
-57
What is the value of -43 - (25 + 44 + -104)?
-8
Evaluate -26 + (25 + -99 - (19 + -48)).
-71
Evaluate (-3 - (-3 - -2)) + -41 + (-13 - -32).
-24
-247 + -11 + 157 - -19
-82
Calculate 338 + -312 - (-13 + 51).
-12
What is the value of -15 + -6 - (-46 - -17) - -10?
18
Evaluate -86 - -13 - (-42 - 12).
-19
Calculate 0 + -1 + -98 + (5 - 67) + 81.
-80
What is (-9 - 27 - 33) + (-2 + 2 - -14) + -3?
-58
What is ((7 - 4) + -1 - 94) + 37?
-55
0 + 9 - (-124 - -123)
10
What is 6 + (-13 - (-8 + 31)) + 14?
-16
(-6 - -1 - 5) + (-3 - (-13 + 6)) + -47
-53
Calculate -12 - (67 - 18) - -54.
-7
Evaluate -55 + -3 + -15 + 9 + (-19 - -33).
-50
Evaluate 8 + 0 + (11 - (-10 + 10 + -9)).
28
What is (4 - 0 - -2) + (-99 - -155) + (-99 - -101)?
64
Evaluate (27 - (3 + -11)) + -28 + 41.
48
(-160 - -198) + -53 - (-1 + -54)
40
Calculate (6 - 21) + 650 + -733.
-98
-35 - -15 - -105 - (1 + 26)
58
Evaluate (56 - 65) + -74 - (-1 + 4 + 10) - -9.
-87
Evaluate 203 - (-32 + 257) - (7 - 7 - (-1 + 1)).
-22
What is the value of 32 - (25 - (-37 + 14 + 40))?
24
Calculate 57 + -57 - (-16 - (-3 + -8 - -6)) - -60.
71
What is (-12 + 0 - -2) + 0 + -3 + (13 - 28)?
-28
What is the value of -11 - (-284 + 293 + (-6 - (0 - -2)) - 7)?
-5
Calculate (-52 - -27 - 5) + 17 + -2.
-15
45 - ((-1 + -8 - -8) + 7 + -12 + 11)
40
23 + 1 + -11 + -9 + 4
8
Calculate (101 - 105) + 18 + -10 + -11 + 21.
14
What is the value of -906 + 906 - (6 + -1 + (2 - -2))?
-9
What is the value of 95 + (-1 - 23) - 129?
-58
What is the value of -3 - (60 + -2) - ((65 - 200) + 117)?
-43
Evaluate 2 + -9 + 2016 + -1940.
69
What is 127 - ((9 - 55 - -24) + 7 + 31 + -1)?
112
What is 3 - 0 - (-82 - (-8 - (-6 - 44) - 13))?
114
-78 - (-42 + 35 + -36 + 57)
-92
What is the value of 355 + -344 - (-4 - (1 - 1) - -5)?
10
Calculate (168 - 219) + (36 - -3).
-12
What is 3 + -2 - (27 - (35 - 0))?
9
113 - (9 - 9 - -112)
1
(-23 - 2) + 80 - 63
-8
Calculate -18 - ((-7 - -12) + -3) - -6.
-14
Evaluate (23 - 9 - 18) + -19 - 18.
-41
Evaluate (-4 - -3) + ((-12 - (-18 - 1)) + -3 - 6).
-3
What is 65 + (-214 - (21 - 99))?
-71
Evaluate 27 - (-3 - 14 - (62 - 126)).
-20
-24 + 9 + -1 - (52 + -30 - (158 - 8))
112
What is -58 + -1 + ((2 - -37) + -50 - -15)?
-55
What is 36 + -18 + 21 + -8 - 39?
-8
What is the value of 18 + 78 + -12 + 26 + 0?
110
Calculate -25 + 12 + (-3 - (-9 - -7) - 41).
-55
What is the value of 30 - (10 + 31) - (-36 - -30)?
-5
4 + 137 + (-88 - 148)
-95
What is the value of -73 + 36 + 68 + 3?
34
What is the value of (54 - 1) + -30 - -47?
70
What is -51 - (-22 - (7 + 46))?
24
Calculate (-1458 - -1379) + 1 + 19.
-59
Evaluate 75 - (55 + -66 + 77).
9
Calculate -88 + -1 - (-13 - (-44 - (59 + -106))).
-73
Evaluate -14 + 4 + -2 - (10 + -13 - (19 - 68)).
-58
48 - (-32 - (-9 - 21))
50
Evaluate 8 + (-3 - -2) + (30 - -4) + 2 + -19.
24
Calculate (-18 - 6) + 11 - (3 + (0 - 7 - -12)).
-21
Calculate -36 + 48 + 4 + (2 - (6 - 7)).
19
What is the value of 1387 + -1428 + (0 - 1 - (6 + -6 + -5))?
-37
Calculate -6 + (18 - (21 - 46)) + 22.
59
Calculate 88 + -2 - ((9 - 1) + (20 - 7) + -15).
80
What is -22 - 24 - -23 - (2 + -5 - -5 - 1)?
-24
Evaluate (8598 - 8608) + 20 + -1 + 1 + 1.
11
What is (29 + 35 + -36 - 134) + 34?
-72
Evaluate (4 - -4) + -34 - (41 - 62).
-5
What is (15 - (1 + -1 + (-69 - -79))) + 35?
40
What is the value of -54 + -2 - (-4633 + 4591)?
-14
What is the value of -16 + -1 - ((16 - (-14 - -33)) + 2 + -4)?
-12
What is the value of (-10 - -6) + ((23 - 12) + 0 + -11 - -85)?
81
Evaluate -2 + (-3 - -2) + (-70 - (-65 + -29)).
21
Calculate -20 + 35 + -6 - (-20 + 3 + 8 + -4).
22
What is -32 - -41 - (86 - 53)?
-24
What is 25 + -44 + 21 + (55 - (4 + 5))?
48
Calculate -14 - (-2 - (34 - 34)).
-12
Evaluate (-287 - -301) + -47 + 0.
-33
What is (-2 - -1 - -22 - -2) + 5 + -3?
25
What is the value of -85 + (9 - -79) + -34?
-31
What is (-4 - 14 - (-149 - -170)) + (3 - 4 - -9)?
-31
Calculate 65 + -20 + 50 - 165.
-70
What is the value of 1 + (-40 - 1) - (129 + -18 + -107)?
-44
What is -21 + (-14 - 1 - -71 - -16)?
51
What is the value of (10 - (28 + -5 + -22 + -7)) + -34?
-18
What is 28 - -9 - 32 - (10 + 49)?
-54
Calculate 40 + 37 + -59 + -1 + 0.
17
What is (24 - (23 + -13 - 12)) + 39?
65
Evaluate (18 - 30) + (2 - 2) - (-20 + 33).
-25
-11 - (180 - (58 + -43 - -25))
-151
What is the value of 17 - ((84 - 201) + 89)?
45
-3 + (70 - (-42 - -191))
-82
83 + -6 + (-18 - 18)
41
Calculate (10 - (33 + -3 + -39)) + 21.
40
Evaluate 13 + 13 + 10 + -23 - -17.
30
What is the value of 68 + 28 + -81 + 6 + -40?
-19
-145 + (-12 + -9 + -23 - -66)
-123
What is the value of -47 - (21 + 20 - 129)?
41
What is the value of 3 + 55 + (5 - (-60 + 53) - (24 - 1))?
47
What is 14 + (-8 - (9 + (18 - 32))) + -67?
-56
Evaluate 2 + (3 - 6) - (0 - 47 - (109 - 95)).
60
-46 + -2 + 4 + 74 + 101 + -169
-38
What is the value of 15 + -6 - ((-3 - -2 - 4) + (43 - 50))?
21
Calculate 119 + -23 + -49 - (0 - 2 - -2).
47
What is (-14 + 7 + 12 - 26) + (-10 - -6) + -4?
-29
Calculate -9 + (-7 + (-12 - -11) + -4 - -23).
2
Calculate ((6 - -1) + -2 - 1 - 13) + 383 + -435.
-61
What is (-1 - (4 + -2) - (-157 - -153)) + 1?
2
What is -20 + 38 + 2 - 36?
-16
65 + (-42 - -9) + -28
4
What is the value of -2 + 24 + (16 - 4) + 10 + -9?
35
What is the value of -12 - ((13 - -5) + -80) - 20?
30
What is the value of -4 + (-66 - (47 + -34))?
-83
What is the value of (-59 + 99 - 53) + 37 + 0?
24
Calculate (4 - (13 + -16)) + (6 - (-51 - 4)).
68
Calculate 17 - -31 - 58 - ((-15 - -15) + 48 + 1).
-59
What is -50 + -54 + 24 - -46?
-34
What is -45 - (-3 + -21) - (1 + -8) - 2?
-16
Evaluate 83 + -4 + (2 - -11) + 63 + -62.
93
Evaluate 25 + -13 + 43 + -46.
9
Calculate (-217 - (-46 + -16)) + 87.
-68
Evaluate -781 + 702 + (-3 - -37).
-45
Calculate (-10 - -15) + -7 + (21 - 8 - -5).
16
Calculate -10 + (-3 - -21) + 46 - 19.
35
(-20 - (21 + -50 - -14)) + -5 + -13 + 0
-23
What is -17 + 8 + 7 + -79 - -16?
-65
What is the value of -6 + -1 + (1 - (-10 + 6 + (-5 - -11)))?
-8
-73 - (-2 + -136) - 136
-71
-1588 - -1698 - (8 + 4)
98
Evaluate (8826 - 8777) + 0 + -13 + 0.
36
What is (60 - 133 - 65) + 128?
-10
Evaluate (0 - -12) + -883 + 881 + (-1 - -73).
82
What is the value of -160 - -185 - ((-8 - -1) + 30)?
2
Calculate (7 - (-8 - -22)) + 14 - (-3 - 0).
10
What is 1 + -28 + 231 + -159?
45
Evaluate (0 + 33 - (-1317 - -1339)) + -15 + 0.
-4
What is 67 - (-22 + 92 - -22)?
-25
76 - (-12 - -38 - 18 - (10 - -1))
79
Calculate 31 - (24 - (-85 + 53)).
-25
What is (-1 - -14) + 1170 + -1232?
-49
What is 0 - (18 - 11 - 45)?
38
Calculate 12 + (-47 - 0 - -22) - -10.
-3
Evaluate 3 - ((-3 + 2 - 7) + -46 + 43).
14
39 + (-1 + -33 - (-78 + 57))
26
1 - 60 - (-20 + 1 + 861 + -851)
-50
Evaluate -107 + (-19 - (-21 + 31 + -40)).
-96
Calculate (2 + 1 + -3 + 14 - 28) + 9 + 8.
3
Evaluate (-6 - (4 - -1)) + (-104 + 89 - (-5 + 1)).
-22
Evaluate -4 - (-9 + 7) - ((-25 - -20) + 19).
-16
Evaluate (-63 - 5) + 18 + 46.
-4
What is (0 - -17) + (-109 - -100) + (-8 - -91)?
91
What is 94 + ((-15 - -36) + -39 - -14)?
90
What is the value of 1615 + -1578 + (-107 - 0)?
-70
14 - (-4 + 32) - -11 - -43
40
(-16 - 6) + 42 - -54
74
Evaluate 60 - (-60 + 60 + -61).
121
Evaluate 59 - -29 - (-169 - -197).
60
What is -118 + (-42 - -102) + -53?
-111
Evaluate -18 + 28 + -15 + (-9 - -4) + -12 - -9.
-13
What is 11 + -15 + 12 + -8 + 7 +